{"id":50,"date":"2022-12-14T17:33:01","date_gmt":"2022-12-14T20:33:01","guid":{"rendered":"https:\/\/moviecom.com.br\/produtos\/?page_id=50"},"modified":"2023-01-13T12:15:05","modified_gmt":"2023-01-13T15:15:05","slug":"convite-corporativo","status":"publish","type":"page","link":"https:\/\/moviecom.com.br\/produtos\/","title":{"rendered":"Convite Corporativo"},"content":{"rendered":"\t\t<div data-elementor-type=\"wp-page\" data-elementor-id=\"50\" class=\"elementor elementor-50\">\n\t\t\t\t\t\t\t\t\t<section class=\"elementor-section elementor-top-section elementor-element elementor-element-e752fb0 elementor-section-boxed elementor-section-height-default elementor-section-height-default elementor-invisible\" data-id=\"e752fb0\" data-element_type=\"section\" data-settings=\"{&quot;background_background&quot;:&quot;classic&quot;,&quot;animation&quot;:&quot;slideInDown&quot;}\">\n\t\t\t\t\t\t<div class=\"elementor-container elementor-column-gap-default\">\n\t\t\t\t\t<div class=\"elementor-column elementor-col-100 elementor-top-column elementor-element elementor-element-bc1a002\" data-id=\"bc1a002\" data-element_type=\"column\">\n\t\t\t<div class=\"elementor-widget-wrap elementor-element-populated\">\n\t\t\t\t\t\t\t\t<div class=\"elementor-element elementor-element-fdd7c68 elementor-widget elementor-widget-image\" data-id=\"fdd7c68\" data-element_type=\"widget\" data-widget_type=\"image.default\">\n\t\t\t\t<div class=\"elementor-widget-container\">\n\t\t\t<style>\/*! elementor - v3.9.0 - 06-12-2022 *\/\n.elementor-widget-image{text-align:center}.elementor-widget-image a{display:inline-block}.elementor-widget-image a img[src$=\".svg\"]{width:48px}.elementor-widget-image img{vertical-align:middle;display:inline-block}<\/style>\t\t\t\t\t\t\t\t\t\t\t\t\t<a href=\"https:\/\/moviecom.com.br\">\n\t\t\t\t\t\t\t<img decoding=\"async\" width=\"420\" height=\"90\" src=\"https:\/\/moviecom.com.br\/produtos\/wp-content\/uploads\/2022\/12\/logo-moviecom.svg\" class=\"attachment-full size-full wp-image-54\" alt=\"\" loading=\"lazy\" \/>\t\t\t\t\t\t\t\t<\/a>\n\t\t\t\t\t\t\t\t\t\t\t\t\t\t\t<\/div>\n\t\t\t\t<\/div>\n\t\t\t\t\t<\/div>\n\t\t<\/div>\n\t\t\t\t\t\t\t<\/div>\n\t\t<\/section>\n\t\t\t\t<section class=\"elementor-section elementor-top-section elementor-element elementor-element-4b0b3a5 elementor-section-height-min-height elementor-section-boxed elementor-section-height-default elementor-section-items-middle\" data-id=\"4b0b3a5\" data-element_type=\"section\">\n\t\t\t\t\t\t<div class=\"elementor-container elementor-column-gap-default\">\n\t\t\t\t\t<div class=\"elementor-column elementor-col-50 elementor-top-column elementor-element elementor-element-0a204dd\" data-id=\"0a204dd\" data-element_type=\"column\">\n\t\t\t<div class=\"elementor-widget-wrap elementor-element-populated\">\n\t\t\t\t\t\t\t\t<div class=\"elementor-element elementor-element-fed25ce elementor-invisible elementor-widget elementor-widget-image\" data-id=\"fed25ce\" data-element_type=\"widget\" data-settings=\"{&quot;_animation&quot;:&quot;fadeIn&quot;}\" data-widget_type=\"image.default\">\n\t\t\t\t<div class=\"elementor-widget-container\">\n\t\t\t\t\t\t\t\t\t\t\t\t\t\t\t<img decoding=\"async\" src=\"https:\/\/moviecom.com.br\/produtos\/wp-content\/uploads\/2022\/12\/Logo-convite.svg\" title=\"Logo &#8211; convite\" alt=\"Logo - convite\" \/>\t\t\t\t\t\t\t\t\t\t\t\t\t\t\t<\/div>\n\t\t\t\t<\/div>\n\t\t\t\t<div class=\"elementor-element elementor-element-f5e5f39 elementor-invisible elementor-widget elementor-widget-text-editor\" data-id=\"f5e5f39\" data-element_type=\"widget\" data-settings=\"{&quot;_animation&quot;:&quot;slideInUp&quot;}\" data-widget_type=\"text-editor.default\">\n\t\t\t\t<div class=\"elementor-widget-container\">\n\t\t\t<style>\/*! elementor - v3.9.0 - 06-12-2022 *\/\n.elementor-widget-text-editor.elementor-drop-cap-view-stacked .elementor-drop-cap{background-color:#818a91;color:#fff}.elementor-widget-text-editor.elementor-drop-cap-view-framed .elementor-drop-cap{color:#818a91;border:3px solid;background-color:transparent}.elementor-widget-text-editor:not(.elementor-drop-cap-view-default) .elementor-drop-cap{margin-top:8px}.elementor-widget-text-editor:not(.elementor-drop-cap-view-default) .elementor-drop-cap-letter{width:1em;height:1em}.elementor-widget-text-editor .elementor-drop-cap{float:left;text-align:center;line-height:1;font-size:50px}.elementor-widget-text-editor .elementor-drop-cap-letter{display:inline-block}<\/style>\t\t\t\t<p>Na era da informa\u00e7\u00e3o, onde a tecnologia nos afasta cada vez mais, o network e o relacionamento s\u00e3o fundamentais para o sucesso de um neg\u00f3cio.\u00a0 Por isso, investir em a\u00e7\u00f5es que promovam a intera\u00e7\u00e3o e o engajamento dos seus p\u00fablicos interno e externo pode ser um diferencial competitivo.<\/p>\t\t\t\t\t\t<\/div>\n\t\t\t\t<\/div>\n\t\t\t\t<div class=\"elementor-element elementor-element-eccb322 elementor-invisible elementor-widget elementor-widget-text-editor\" data-id=\"eccb322\" data-element_type=\"widget\" data-settings=\"{&quot;_animation&quot;:&quot;slideInUp&quot;}\" data-widget_type=\"text-editor.default\">\n\t\t\t\t<div class=\"elementor-widget-container\">\n\t\t\t\t\t\t\t<p>Se voc\u00ea quer dar um toque de originalidade e descontra\u00e7\u00e3o ao relacionamento com seus funcion\u00e1rios ou clientes, <b>o Convite Corporativo da Moviecom \u00e9 a solu\u00e7\u00e3o perfeita<\/b>.<\/p>\t\t\t\t\t\t<\/div>\n\t\t\t\t<\/div>\n\t\t\t\t\t<\/div>\n\t\t<\/div>\n\t\t\t\t<div class=\"elementor-column elementor-col-50 elementor-top-column elementor-element elementor-element-e78cd87 elementor-invisible\" data-id=\"e78cd87\" data-element_type=\"column\" data-settings=\"{&quot;animation&quot;:&quot;zoomIn&quot;}\">\n\t\t\t<div class=\"elementor-widget-wrap elementor-element-populated\">\n\t\t\t\t\t\t\t\t<div class=\"elementor-element elementor-element-7401996 elementor-widget elementor-widget-image\" data-id=\"7401996\" data-element_type=\"widget\" data-widget_type=\"image.default\">\n\t\t\t\t<div class=\"elementor-widget-container\">\n\t\t\t\t\t\t\t\t\t\t\t\t\t\t\t<img decoding=\"async\" width=\"800\" height=\"666\" src=\"https:\/\/moviecom.com.br\/produtos\/wp-content\/uploads\/2022\/12\/Cinema.svg\" class=\"attachment-large size-large wp-image-52\" alt=\"\" loading=\"lazy\" \/>\t\t\t\t\t\t\t\t\t\t\t\t\t\t\t<\/div>\n\t\t\t\t<\/div>\n\t\t\t\t\t<\/div>\n\t\t<\/div>\n\t\t\t\t\t\t\t<\/div>\n\t\t<\/section>\n\t\t\t\t<section class=\"elementor-section elementor-top-section elementor-element elementor-element-ed6180b elementor-section-height-min-height elementor-section-boxed elementor-section-height-default elementor-section-items-middle\" data-id=\"ed6180b\" data-element_type=\"section\">\n\t\t\t\t\t\t<div class=\"elementor-container elementor-column-gap-default\">\n\t\t\t\t\t<div class=\"elementor-column elementor-col-50 elementor-top-column elementor-element elementor-element-c6e6caf elementor-invisible\" data-id=\"c6e6caf\" data-element_type=\"column\" data-settings=\"{&quot;animation&quot;:&quot;zoomIn&quot;}\">\n\t\t\t<div class=\"elementor-widget-wrap elementor-element-populated\">\n\t\t\t\t\t\t\t\t<div class=\"elementor-element elementor-element-f81ea8f elementor-widget elementor-widget-image\" data-id=\"f81ea8f\" data-element_type=\"widget\" data-widget_type=\"image.default\">\n\t\t\t\t<div class=\"elementor-widget-container\">\n\t\t\t\t\t\t\t\t\t\t\t\t\t\t\t<img decoding=\"async\" width=\"600\" height=\"435\" src=\"https:\/\/moviecom.com.br\/produtos\/wp-content\/uploads\/2022\/12\/apresentacao.png\" class=\"attachment-large size-large wp-image-226\" alt=\"\" loading=\"lazy\" srcset=\"https:\/\/moviecom.com.br\/produtos\/wp-content\/uploads\/2022\/12\/apresentacao.png 600w, https:\/\/moviecom.com.br\/produtos\/wp-content\/uploads\/2022\/12\/apresentacao-300x218.png 300w\" sizes=\"(max-width: 600px) 100vw, 600px\" \/>\t\t\t\t\t\t\t\t\t\t\t\t\t\t\t<\/div>\n\t\t\t\t<\/div>\n\t\t\t\t\t<\/div>\n\t\t<\/div>\n\t\t\t\t<div class=\"elementor-column elementor-col-50 elementor-top-column elementor-element elementor-element-8a77abc\" data-id=\"8a77abc\" data-element_type=\"column\">\n\t\t\t<div class=\"elementor-widget-wrap elementor-element-populated\">\n\t\t\t\t\t\t\t\t<div class=\"elementor-element elementor-element-6f1552d elementor-invisible elementor-widget elementor-widget-text-editor\" data-id=\"6f1552d\" data-element_type=\"widget\" data-settings=\"{&quot;_animation&quot;:&quot;slideInUp&quot;}\" data-widget_type=\"text-editor.default\">\n\t\t\t\t<div class=\"elementor-widget-container\">\n\t\t\t\t\t\t\t<p>Com o Convite Corporativo da Moviecom, voc\u00ea pode oferecer aos seus funcion\u00e1rios ou clientes a oportunidade de desfrutar de uma experi\u00eancia inesquec\u00edvel no cinema. Al\u00e9m disso, \u00e9 uma \u00f3tima forma de premiar, incentivar e fidelizar essas pessoas.\u00a0<\/p>\t\t\t\t\t\t<\/div>\n\t\t\t\t<\/div>\n\t\t\t\t<div class=\"elementor-element elementor-element-4be0942 elementor-invisible elementor-widget elementor-widget-text-editor\" data-id=\"4be0942\" data-element_type=\"widget\" data-settings=\"{&quot;_animation&quot;:&quot;slideInUp&quot;}\" data-widget_type=\"text-editor.default\">\n\t\t\t\t<div class=\"elementor-widget-container\">\n\t\t\t\t\t\t\t<p>A Moviecom oferece uma ampla gama de benef\u00edcios e vantagens exclusivas para empresas, como descontos, promo\u00e7\u00f5es e a\u00e7\u00f5es de aproxima\u00e7\u00e3o.\u00a0<\/p>\t\t\t\t\t\t<\/div>\n\t\t\t\t<\/div>\n\t\t\t\t<div class=\"elementor-element elementor-element-94a89f6 elementor-invisible elementor-widget elementor-widget-sina_modal_box\" data-id=\"94a89f6\" data-element_type=\"widget\" data-settings=\"{&quot;_animation&quot;:&quot;fadeIn&quot;}\" data-widget_type=\"sina_modal_box.default\">\n\t\t\t\t<div class=\"elementor-widget-container\">\n\t\t\t\t\t<div class=\"sina-modal-box\"\r\n\t\tdata-auto-show=\"\"\r\n\t\tdata-delay-show=\"\"\r\n\t\tdata-click=\"yes\"\r\n\t\tdata-esc=\"yes\"\r\n\t\tdata-modal-id=\"sina-modal-94a89f6\">\r\n\t\t\t\t\t\t\t<div class=\"sina-btn-wrap\">\r\n\t\t\t\t\t<button class=\"sina-button sina-modal-trigger sina-modal-94a89f6  sina-hv-zoom\">\r\n\t\t\t\t\t\t\t\tBAIXE O PDF E SAIBA MAIS!\t\t\t\t\t<i class=\"fa fa-file-pdf-o sina-icon-right\"><\/i>\r\n\t\t\t\t\t\t\t\t<\/button>\r\n\t\t\t\t<\/div>\r\n\t\t\t\t\t\t<div class=\"sina-modal-overlay sina-modal-sina-modal-94a89f6\">\r\n\t\t\t\t<div class=\"sina-modal-area sina-flex animated slideInDown\">\r\n\t\t\t\t\t<div class=\"sina-modal-content\">\r\n\t\t\t\t\t\t\t\t\t\t\t\t\t<h2 class=\"sina-modal-header\">Baixe o PDF agora<\/h2>\t\t\t\t\t\t\t\t\t\t\t\t<div class=\"sina-modal-body\">\r\n\t\t\t\t\t\t\t<style>.elementor-200 .elementor-element.elementor-element-3b9b746e{color:#FFFFFF;}<\/style>\t\t<div data-elementor-type=\"section\" data-elementor-id=\"200\" class=\"elementor elementor-200\">\n\t\t\t\t\t\t\t\t\t<section class=\"elementor-section elementor-inner-section elementor-element elementor-element-4b07f266 elementor-section-boxed elementor-section-height-default elementor-section-height-default\" data-id=\"4b07f266\" data-element_type=\"section\">\n\t\t\t\t\t\t<div class=\"elementor-container elementor-column-gap-default\">\n\t\t\t\t\t<div class=\"elementor-column elementor-col-100 elementor-inner-column elementor-element elementor-element-72062784\" data-id=\"72062784\" data-element_type=\"column\">\n\t\t\t<div class=\"elementor-widget-wrap elementor-element-populated\">\n\t\t\t\t\t\t\t\t<div class=\"elementor-element elementor-element-3b9b746e elementor-widget elementor-widget-text-editor\" data-id=\"3b9b746e\" data-element_type=\"widget\" data-widget_type=\"text-editor.default\">\n\t\t\t\t<div class=\"elementor-widget-container\">\n\t\t\t\t\t\t\t<p>Informe seus dados para baixar o PDF com a apresenta\u00e7\u00e3o do Convite Corporativo.<\/p>\t\t\t\t\t\t<\/div>\n\t\t\t\t<\/div>\n\t\t\t\t<div class=\"elementor-element elementor-element-40a3c0fa elementor-widget elementor-widget-shortcode\" data-id=\"40a3c0fa\" data-element_type=\"widget\" data-widget_type=\"shortcode.default\">\n\t\t\t\t<div class=\"elementor-widget-container\">\n\t\t\t\t\t<div class=\"elementor-shortcode\"><div class=\"wpcf7 no-js\" id=\"wpcf7-f197-o1\" lang=\"pt-BR\" dir=\"ltr\">\n<div class=\"screen-reader-response\"><p role=\"status\" aria-live=\"polite\" aria-atomic=\"true\"><\/p> <ul><\/ul><\/div>\n<form action=\"\/produtos\/wp-json\/wp\/v2\/pages\/50#wpcf7-f197-o1\" method=\"post\" class=\"wpcf7-form init\" aria-label=\"Contact form\" novalidate=\"novalidate\" data-status=\"init\">\n<div style=\"display: none;\">\n<input type=\"hidden\" name=\"_wpcf7\" value=\"197\" \/>\n<input type=\"hidden\" name=\"_wpcf7_version\" value=\"5.7\" \/>\n<input type=\"hidden\" name=\"_wpcf7_locale\" value=\"pt_BR\" \/>\n<input type=\"hidden\" name=\"_wpcf7_unit_tag\" value=\"wpcf7-f197-o1\" \/>\n<input type=\"hidden\" name=\"_wpcf7_container_post\" value=\"0\" \/>\n<input type=\"hidden\" name=\"_wpcf7_posted_data_hash\" value=\"\" \/>\n<input type=\"hidden\" name=\"_wpcf7_recaptcha_response\" value=\"\" \/>\n<\/div>\n<p><span class=\"wpcf7-form-control-wrap\" data-name=\"your-name\"><input size=\"40\" class=\"wpcf7-form-control wpcf7-text wpcf7-validates-as-required\" autocomplete=\"name\" aria-required=\"true\" aria-invalid=\"false\" placeholder=\"Seu nome\" value=\"\" type=\"text\" name=\"your-name\" \/><\/span><span class=\"wpcf7-form-control-wrap\" data-name=\"your-email\"><input size=\"40\" class=\"wpcf7-form-control wpcf7-text wpcf7-email wpcf7-validates-as-required wpcf7-validates-as-email\" autocomplete=\"email\" aria-required=\"true\" aria-invalid=\"false\" placeholder=\"Seu e-mail\" value=\"\" type=\"email\" name=\"your-email\" \/><\/span><input class=\"wpcf7-form-control has-spinner wpcf7-submit\" type=\"submit\" value=\"Baixar PDF\" \/>\n<\/p><div class=\"wpcf7-response-output\" aria-hidden=\"true\"><\/div><\/form><\/div><\/div>\n\t\t\t\t<\/div>\n\t\t\t\t<\/div>\n\t\t\t\t\t<\/div>\n\t\t<\/div>\n\t\t\t\t\t\t\t<\/div>\n\t\t<\/section>\n\t\t\t\t\t\t\t<\/div>\n\t\t\t\t\t\t\t\t<\/div>\r\n\t\t\t\t\t\t\t\t\t\t\t<\/div>\r\n\t\t\t\t<\/div>\r\n\t\t\t<\/div>\r\n\t\t<\/div><!-- .sina-modal-box -->\r\n\t\t\t\t<\/div>\n\t\t\t\t<\/div>\n\t\t\t\t<div class=\"elementor-element elementor-element-2bb335e elementor-invisible elementor-widget elementor-widget-text-editor\" data-id=\"2bb335e\" data-element_type=\"widget\" data-settings=\"{&quot;_animation&quot;:&quot;slideInUp&quot;}\" data-widget_type=\"text-editor.default\">\n\t\t\t\t<div class=\"elementor-widget-container\">\n\t\t\t\t\t\t\t<p>Aproveite essa oportunidade \u00fanica e deixe a magia do cinema trabalhar a favor do seu neg\u00f3cio.<\/p>\t\t\t\t\t\t<\/div>\n\t\t\t\t<\/div>\n\t\t\t\t\t<\/div>\n\t\t<\/div>\n\t\t\t\t\t\t\t<\/div>\n\t\t<\/section>\n\t\t\t\t<section class=\"elementor-section elementor-top-section elementor-element elementor-element-43578ce elementor-section-height-min-height elementor-section-boxed elementor-section-height-default elementor-section-items-middle elementor-invisible\" data-id=\"43578ce\" data-element_type=\"section\" data-settings=\"{&quot;background_background&quot;:&quot;classic&quot;,&quot;animation&quot;:&quot;slideInUp&quot;}\">\n\t\t\t\t\t\t<div class=\"elementor-container elementor-column-gap-default\">\n\t\t\t\t\t<div class=\"elementor-column elementor-col-100 elementor-top-column elementor-element elementor-element-2ad6caa\" data-id=\"2ad6caa\" data-element_type=\"column\" data-settings=\"{&quot;background_background&quot;:&quot;classic&quot;}\">\n\t\t\t<div class=\"elementor-widget-wrap elementor-element-populated\">\n\t\t\t\t\t\t\t\t<section class=\"elementor-section elementor-inner-section elementor-element elementor-element-3c1388c elementor-section-boxed elementor-section-height-default elementor-section-height-default\" data-id=\"3c1388c\" data-element_type=\"section\">\n\t\t\t\t\t\t<div class=\"elementor-container elementor-column-gap-default\">\n\t\t\t\t\t<div class=\"elementor-column elementor-col-50 elementor-inner-column elementor-element elementor-element-fd56c92\" data-id=\"fd56c92\" data-element_type=\"column\">\n\t\t\t<div class=\"elementor-widget-wrap elementor-element-populated\">\n\t\t\t\t\t\t\t\t<div class=\"elementor-element elementor-element-3b5ad24 elementor-widget elementor-widget-heading\" data-id=\"3b5ad24\" data-element_type=\"widget\" data-widget_type=\"heading.default\">\n\t\t\t\t<div class=\"elementor-widget-container\">\n\t\t\t<style>\/*! elementor - v3.9.0 - 06-12-2022 *\/\n.elementor-heading-title{padding:0;margin:0;line-height:1}.elementor-widget-heading .elementor-heading-title[class*=elementor-size-]>a{color:inherit;font-size:inherit;line-height:inherit}.elementor-widget-heading .elementor-heading-title.elementor-size-small{font-size:15px}.elementor-widget-heading .elementor-heading-title.elementor-size-medium{font-size:19px}.elementor-widget-heading .elementor-heading-title.elementor-size-large{font-size:29px}.elementor-widget-heading .elementor-heading-title.elementor-size-xl{font-size:39px}.elementor-widget-heading .elementor-heading-title.elementor-size-xxl{font-size:59px}<\/style><h2 class=\"elementor-heading-title elementor-size-default\">preencha com seus dados<\/h2>\t\t<\/div>\n\t\t\t\t<\/div>\n\t\t\t\t<div class=\"elementor-element elementor-element-7572690 elementor-widget elementor-widget-heading\" data-id=\"7572690\" data-element_type=\"widget\" data-widget_type=\"heading.default\">\n\t\t\t\t<div class=\"elementor-widget-container\">\n\t\t\t<p class=\"elementor-heading-title elementor-size-default\">Solicite uma proposta de nossa equipe<\/p>\t\t<\/div>\n\t\t\t\t<\/div>\n\t\t\t\t\t<\/div>\n\t\t<\/div>\n\t\t\t\t<div class=\"elementor-column elementor-col-50 elementor-inner-column elementor-element elementor-element-bbff3d9\" data-id=\"bbff3d9\" data-element_type=\"column\">\n\t\t\t<div class=\"elementor-widget-wrap elementor-element-populated\">\n\t\t\t\t\t\t\t\t<div class=\"elementor-element elementor-element-f50aa31 elementor-widget elementor-widget-mdp-conformer-elementor\" data-id=\"f50aa31\" data-element_type=\"widget\" data-widget_type=\"mdp-conformer-elementor.default\">\n\t\t\t\t<div class=\"elementor-widget-container\">\n\t\t\t<!-- Start Cfsevenform for Elementor WordPress Plugin -->\n                    <div class=\"mdp-cfsevenform-elementor-box  \">   <div class=\"wpcf7 no-js\" id=\"wpcf7-f20-o2\" lang=\"pt-BR\" dir=\"ltr\">\n<div class=\"screen-reader-response\"><p role=\"status\" aria-live=\"polite\" aria-atomic=\"true\"><\/p> <ul><\/ul><\/div>\n<form action=\"\/produtos\/wp-json\/wp\/v2\/pages\/50#wpcf7-f20-o2\" method=\"post\" class=\"wpcf7-form init\" aria-label=\"Contact form\" novalidate=\"novalidate\" data-status=\"init\">\n<div style=\"display: none;\">\n<input type=\"hidden\" name=\"_wpcf7\" value=\"20\" \/>\n<input type=\"hidden\" name=\"_wpcf7_version\" value=\"5.7\" \/>\n<input type=\"hidden\" name=\"_wpcf7_locale\" value=\"pt_BR\" \/>\n<input type=\"hidden\" name=\"_wpcf7_unit_tag\" value=\"wpcf7-f20-o2\" \/>\n<input type=\"hidden\" name=\"_wpcf7_container_post\" value=\"0\" \/>\n<input type=\"hidden\" name=\"_wpcf7_posted_data_hash\" value=\"\" \/>\n<input type=\"hidden\" name=\"_wpcf7_recaptcha_response\" value=\"\" \/>\n<\/div>\n<p><span class=\"wpcf7-form-control-wrap\" data-name=\"your-name\"><input size=\"40\" class=\"wpcf7-form-control wpcf7-text wpcf7-validates-as-required\" autocomplete=\"name\" aria-required=\"true\" aria-invalid=\"false\" placeholder=\"Seu nome\" value=\"\" type=\"text\" name=\"your-name\" \/><\/span><span class=\"wpcf7-form-control-wrap\" data-name=\"your-email\"><input size=\"40\" class=\"wpcf7-form-control wpcf7-text wpcf7-email wpcf7-validates-as-required wpcf7-validates-as-email\" autocomplete=\"email\" aria-required=\"true\" aria-invalid=\"false\" placeholder=\"Seu e-mail\" value=\"\" type=\"email\" name=\"your-email\" \/><\/span><span class=\"wpcf7-form-control-wrap\" data-name=\"your-city\"><select class=\"wpcf7-form-control wpcf7-select wpcf7-validates-as-required\" aria-required=\"true\" aria-invalid=\"false\" name=\"your-city\"><option value=\"\">Escolha sua Moviecom<\/option><option value=\"Araraquara  - Jaragu\u00e1\">Araraquara  - Jaragu\u00e1<\/option><option value=\"Bel\u00e9m  - Castanheira\">Bel\u00e9m  - Castanheira<\/option><option value=\"Bel\u00e9m  - P\u00e1tio\">Bel\u00e9m  - P\u00e1tio<\/option><option value=\"Campinas  - Unimart\">Campinas  - Unimart<\/option><option value=\"Franca  - Franca Shopping\">Franca  - Franca Shopping<\/option><option value=\"Ipatinga  - Vale do A\u00e7o\">Ipatinga  - Vale do A\u00e7o<\/option><option value=\"Itaquaquecetuba  - Pateo Itaqu\u00e1\">Itaquaquecetuba  - Pateo Itaqu\u00e1<\/option><option value=\"Ja\u00fa  - Shopping Ja\u00fa\">Ja\u00fa  - Shopping Ja\u00fa<\/option><option value=\"Jundia\u00ed  - Maxi\">Jundia\u00ed  - Maxi<\/option><option value=\"Marab\u00e1  - P\u00e1tio\">Marab\u00e1  - P\u00e1tio<\/option><option value=\"Macap\u00e1  - Macap\u00e1 Shopping\">Macap\u00e1  - Macap\u00e1 Shopping<\/option><option value=\"Natal  - Praia Shopping\">Natal  - Praia Shopping<\/option><option value=\"Pres. Prudente  - PrudenShopping\">Pres. Prudente  - PrudenShopping<\/option><option value=\"S\u00e3o Paulo  - Boavista\">S\u00e3o Paulo  - Boavista<\/option><option value=\"S\u00e3o Paulo  - Penha\">S\u00e3o Paulo  - Penha<\/option><option value=\"Sinop - Shopping\">Sinop - Shopping<\/option><option value=\"Sta B\u00e1rbara d\u00b4Oeste  - Tivoli\">Sta B\u00e1rbara d\u00b4Oeste  - Tivoli<\/option><option value=\"Taubat\u00e9  - Taubat\u00e9 Shopping\">Taubat\u00e9  - Taubat\u00e9 Shopping<\/option><option value=\"Vit\u00f3ria da Conquista  - Conquista Sul\">Vit\u00f3ria da Conquista  - Conquista Sul<\/option><\/select><\/span><span class=\"wpcf7-form-control-wrap\" data-name=\"your-subject\"><input size=\"40\" class=\"wpcf7-form-control wpcf7-text wpcf7-tel wpcf7-validates-as-required wpcf7-validates-as-tel\" aria-required=\"true\" aria-invalid=\"false\" placeholder=\"DDD + Telefone\" value=\"\" type=\"tel\" name=\"your-subject\" \/><\/span><input class=\"wpcf7-form-control has-spinner wpcf7-submit\" type=\"submit\" value=\"Solicitar proposta\" \/>\n<\/p><div class=\"wpcf7-response-output\" aria-hidden=\"true\"><\/div><\/form><\/div><\/div>\n                    <!-- End Cfsevenform for Elementor WordPress Plugin -->\t\t<\/div>\n\t\t\t\t<\/div>\n\t\t\t\t\t<\/div>\n\t\t<\/div>\n\t\t\t\t\t\t\t<\/div>\n\t\t<\/section>\n\t\t\t\t\t<\/div>\n\t\t<\/div>\n\t\t\t\t\t\t\t<\/div>\n\t\t<\/section>\n\t\t\t\t<section class=\"elementor-section elementor-top-section elementor-element elementor-element-b9e2ca9 elementor-section-boxed elementor-section-height-default elementor-section-height-default\" data-id=\"b9e2ca9\" data-element_type=\"section\" data-settings=\"{&quot;background_background&quot;:&quot;classic&quot;}\">\n\t\t\t\t\t\t<div class=\"elementor-container elementor-column-gap-default\">\n\t\t\t\t\t<div class=\"elementor-column elementor-col-100 elementor-top-column elementor-element elementor-element-6cbb4aa\" data-id=\"6cbb4aa\" data-element_type=\"column\">\n\t\t\t<div class=\"elementor-widget-wrap elementor-element-populated\">\n\t\t\t\t\t\t\t\t<div class=\"elementor-element elementor-element-58e2f9e elementor-widget elementor-widget-text-editor\" data-id=\"58e2f9e\" data-element_type=\"widget\" data-widget_type=\"text-editor.default\">\n\t\t\t\t<div class=\"elementor-widget-container\">\n\t\t\t\t\t\t\t<p>Moviecom Cinemas 2023 \u00a9 Todos os direitos reservados<\/p>\t\t\t\t\t\t<\/div>\n\t\t\t\t<\/div>\n\t\t\t\t\t<\/div>\n\t\t<\/div>\n\t\t\t\t\t\t\t<\/div>\n\t\t<\/section>\n\t\t\t\t\t\t\t<\/div>\n\t\t","protected":false},"excerpt":{"rendered":"<p>Na era da informa\u00e7\u00e3o, onde a tecnologia nos afasta cada vez mais, o network e o relacionamento s\u00e3o fundamentais para o sucesso de um neg\u00f3cio.\u00a0 Por isso, investir em a\u00e7\u00f5es que promovam a intera\u00e7\u00e3o e o engajamento dos seus p\u00fablicos interno e externo pode ser um diferencial competitivo. Se voc\u00ea quer dar um toque de [&hellip;]<\/p>\n","protected":false},"author":1,"featured_media":0,"parent":0,"menu_order":0,"comment_status":"closed","ping_status":"closed","template":"elementor_header_footer","meta":[],"_links":{"self":[{"href":"https:\/\/moviecom.com.br\/produtos\/wp-json\/wp\/v2\/pages\/50"}],"collection":[{"href":"https:\/\/moviecom.com.br\/produtos\/wp-json\/wp\/v2\/pages"}],"about":[{"href":"https:\/\/moviecom.com.br\/produtos\/wp-json\/wp\/v2\/types\/page"}],"author":[{"embeddable":true,"href":"https:\/\/moviecom.com.br\/produtos\/wp-json\/wp\/v2\/users\/1"}],"replies":[{"embeddable":true,"href":"https:\/\/moviecom.com.br\/produtos\/wp-json\/wp\/v2\/comments?post=50"}],"version-history":[{"count":0,"href":"https:\/\/moviecom.com.br\/produtos\/wp-json\/wp\/v2\/pages\/50\/revisions"}],"wp:attachment":[{"href":"https:\/\/moviecom.com.br\/produtos\/wp-json\/wp\/v2\/media?parent=50"}],"curies":[{"name":"wp","href":"https:\/\/api.w.org\/{rel}","templated":true}]}}